{"id":16,"date":"2011-09-02T21:10:49","date_gmt":"2011-09-02T21:10:49","guid":{"rendered":"https:\/\/www.isarcafe-landau.de\/?page_id=16"},"modified":"2022-06-22T12:34:51","modified_gmt":"2022-06-22T12:34:51","slug":"laden","status":"publish","type":"page","link":"https:\/\/www.isarcafe-landau.de\/?page_id=16","title":{"rendered":"<!--:de-->B\u00e4ckerei &#038; Konditorei<!--:-->"},"content":{"rendered":"<p><!--:de--><\/p>\n<h4>Ein &#8220;Blick \u00fcber die Schulter&#8220; des B\u00e4ckermeister Josef Winzinger<\/h4>\n<p>Das IsarCaf\u00e9 ist hierzulande bekannt f\u00fcr seine frischen Semmeln, Brezen und exzellente Kuchen und Torten.<\/p>\n<p>Fr\u00fcher war der B\u00e4ckermeister Josef Winzinger Mitarbeiter im Betrieb der Fam. Brenner. Im August 1993 \u00fcbernahm Herr Winzinger die Firma. Seither f\u00fchrt er den Betrieb in &#8220;althergebrachter Tradition&#8220;.<\/p>\n\n<div class=\"ngg-galleryoverview\" id=\"ngg-gallery-5-16\">\n\n\n\t\n\t<!-- Thumbnails -->\n\t\t\n\t<div id=\"ngg-image-14\" class=\"ngg-gallery-thumbnail-box\"  >\n\t\t<div class=\"ngg-gallery-thumbnail\" >\n\t\t\t<a href=\"https:\/\/www.isarcafe-landau.de\/wp-content\/gallery\/baeckerei\/img_0143.jpg\" title=\" \" class=\"highslide\" onclick=\"return hs.expand(this, { slideshowGroup: 'set_5' })\" >\n\t\t\t\t\t\t\t\t<img decoding=\"async\" title=\"img_0143\" alt=\"img_0143\" src=\"https:\/\/www.isarcafe-landau.de\/wp-content\/gallery\/baeckerei\/thumbs\/thumbs_img_0143.jpg\"  \/>\n\t\t\t\t\t\t\t<\/a>\n\t\t<\/div>\n\t<\/div>\n\t\n\t\t\n \t\t\n\t<div id=\"ngg-image-15\" class=\"ngg-gallery-thumbnail-box\"  >\n\t\t<div class=\"ngg-gallery-thumbnail\" >\n\t\t\t<a href=\"https:\/\/www.isarcafe-landau.de\/wp-content\/gallery\/baeckerei\/img_0144.jpg\" title=\" \" class=\"highslide\" onclick=\"return hs.expand(this, { slideshowGroup: 'set_5' })\" >\n\t\t\t\t\t\t\t\t<img loading=\"lazy\" decoding=\"async\" title=\" \" alt=\" \" src=\"https:\/\/www.isarcafe-landau.de\/wp-content\/gallery\/baeckerei\/thumbs\/thumbs_img_0144.jpg\" width=\"160\" height=\"120\" \/>\n\t\t\t\t\t\t\t<\/a>\n\t\t<\/div>\n\t<\/div>\n\t\n\t\t\n \t\t\n\t<div id=\"ngg-image-16\" class=\"ngg-gallery-thumbnail-box\"  >\n\t\t<div class=\"ngg-gallery-thumbnail\" >\n\t\t\t<a href=\"https:\/\/www.isarcafe-landau.de\/wp-content\/gallery\/baeckerei\/img_0145.jpg\" title=\" \" class=\"highslide\" onclick=\"return hs.expand(this, { slideshowGroup: 'set_5' })\" >\n\t\t\t\t\t\t\t\t<img loading=\"lazy\" decoding=\"async\" title=\" \" alt=\" \" src=\"https:\/\/www.isarcafe-landau.de\/wp-content\/gallery\/baeckerei\/thumbs\/thumbs_img_0145.jpg\" width=\"160\" height=\"120\" \/>\n\t\t\t\t\t\t\t<\/a>\n\t\t<\/div>\n\t<\/div>\n\t\n\t\t\n \t \t\n\t<!-- Pagination -->\n \t<div class=\"ngg-clear\"><\/div> \t\n<\/div>\n\n\n<p>So kann man zum Beispiel auch am Sonntag frische Kuchen, Torten und Backwaren kaufen. F\u00fcr feierliche Anl\u00e4sse nehmen wir jederzeit gerne Ihre individuelle Bestellung entgegen.<\/p>\n\n<div class=\"ngg-galleryoverview\" id=\"ngg-gallery-2-16\">\n\n\n\t\n\t<!-- Thumbnails -->\n\t\t\n\t<div id=\"ngg-image-6\" class=\"ngg-gallery-thumbnail-box\"  >\n\t\t<div class=\"ngg-gallery-thumbnail\" >\n\t\t\t<a href=\"https:\/\/www.isarcafe-landau.de\/wp-content\/gallery\/kuchen-torten-1\/geb.jpg\" title=\" \" class=\"highslide\" onclick=\"return hs.expand(this, { slideshowGroup: 'set_2' })\" >\n\t\t\t\t\t\t\t\t<img decoding=\"async\" title=\"geb\" alt=\"geb\" src=\"https:\/\/www.isarcafe-landau.de\/wp-content\/gallery\/kuchen-torten-1\/thumbs\/thumbs_geb.jpg\"  \/>\n\t\t\t\t\t\t\t<\/a>\n\t\t<\/div>\n\t<\/div>\n\t\n\t\t\n \t\t\n\t<div id=\"ngg-image-7\" class=\"ngg-gallery-thumbnail-box\"  >\n\t\t<div class=\"ngg-gallery-thumbnail\" >\n\t\t\t<a href=\"https:\/\/www.isarcafe-landau.de\/wp-content\/gallery\/kuchen-torten-1\/herzkuchen.jpg\" title=\" \" class=\"highslide\" onclick=\"return hs.expand(this, { slideshowGroup: 'set_2' })\" >\n\t\t\t\t\t\t\t\t<img loading=\"lazy\" decoding=\"async\" title=\" \" alt=\" \" src=\"https:\/\/www.isarcafe-landau.de\/wp-content\/gallery\/kuchen-torten-1\/thumbs\/thumbs_herzkuchen.jpg\" width=\"160\" height=\"120\" \/>\n\t\t\t\t\t\t\t<\/a>\n\t\t<\/div>\n\t<\/div>\n\t\n\t\t\n \t\t\n\t<div id=\"ngg-image-18\" class=\"ngg-gallery-thumbnail-box\"  >\n\t\t<div class=\"ngg-gallery-thumbnail\" >\n\t\t\t<a href=\"https:\/\/www.isarcafe-landau.de\/wp-content\/gallery\/kuchen-torten-1\/volksfestauszug-2012-109.jpg\" title=\" \" class=\"highslide\" onclick=\"return hs.expand(this, { slideshowGroup: 'set_2' })\" >\n\t\t\t\t\t\t\t\t<img loading=\"lazy\" decoding=\"async\" title=\" \" alt=\" \" src=\"https:\/\/www.isarcafe-landau.de\/wp-content\/gallery\/kuchen-torten-1\/thumbs\/thumbs_volksfestauszug-2012-109.jpg\" width=\"160\" height=\"120\" \/>\n\t\t\t\t\t\t\t<\/a>\n\t\t<\/div>\n\t<\/div>\n\t\n\t\t\n \t\t\n\t<div id=\"ngg-image-19\" class=\"ngg-gallery-thumbnail-box\"  >\n\t\t<div class=\"ngg-gallery-thumbnail\" >\n\t\t\t<a href=\"https:\/\/www.isarcafe-landau.de\/wp-content\/gallery\/kuchen-torten-1\/mai-05.jpg\" title=\" \" class=\"highslide\" onclick=\"return hs.expand(this, { slideshowGroup: 'set_2' })\" >\n\t\t\t\t\t\t\t\t<img loading=\"lazy\" decoding=\"async\" title=\" \" alt=\" \" src=\"https:\/\/www.isarcafe-landau.de\/wp-content\/gallery\/kuchen-torten-1\/thumbs\/thumbs_mai-05.jpg\" width=\"160\" height=\"120\" \/>\n\t\t\t\t\t\t\t<\/a>\n\t\t<\/div>\n\t<\/div>\n\t\n\t\t\n \t\t\n\t<div id=\"ngg-image-20\" class=\"ngg-gallery-thumbnail-box\"  >\n\t\t<div class=\"ngg-gallery-thumbnail\" >\n\t\t\t<a href=\"https:\/\/www.isarcafe-landau.de\/wp-content\/gallery\/kuchen-torten-1\/img_0177.jpg\" title=\" \" class=\"highslide\" onclick=\"return hs.expand(this, { slideshowGroup: 'set_2' })\" >\n\t\t\t\t\t\t\t\t<img loading=\"lazy\" decoding=\"async\" title=\" \" alt=\" \" src=\"https:\/\/www.isarcafe-landau.de\/wp-content\/gallery\/kuchen-torten-1\/thumbs\/thumbs_img_0177.jpg\" width=\"160\" height=\"120\" \/>\n\t\t\t\t\t\t\t<\/a>\n\t\t<\/div>\n\t<\/div>\n\t\n\t\t\n \t\t\n\t<div id=\"ngg-image-21\" class=\"ngg-gallery-thumbnail-box\"  >\n\t\t<div class=\"ngg-gallery-thumbnail\" >\n\t\t\t<a href=\"https:\/\/www.isarcafe-landau.de\/wp-content\/gallery\/kuchen-torten-1\/1-030.jpg\" title=\" \" class=\"highslide\" onclick=\"return hs.expand(this, { slideshowGroup: 'set_2' })\" >\n\t\t\t\t\t\t\t\t<img loading=\"lazy\" decoding=\"async\" title=\" \" alt=\" \" src=\"https:\/\/www.isarcafe-landau.de\/wp-content\/gallery\/kuchen-torten-1\/thumbs\/thumbs_1-030.jpg\" width=\"160\" height=\"120\" \/>\n\t\t\t\t\t\t\t<\/a>\n\t\t<\/div>\n\t<\/div>\n\t\n\t\t\n \t\t\n\t<div id=\"ngg-image-22\" class=\"ngg-gallery-thumbnail-box\"  >\n\t\t<div class=\"ngg-gallery-thumbnail\" >\n\t\t\t<a href=\"https:\/\/www.isarcafe-landau.de\/wp-content\/gallery\/kuchen-torten-1\/1-036.jpg\" title=\" \" class=\"highslide\" onclick=\"return hs.expand(this, { slideshowGroup: 'set_2' })\" >\n\t\t\t\t\t\t\t\t<img loading=\"lazy\" decoding=\"async\" title=\" \" alt=\" \" src=\"https:\/\/www.isarcafe-landau.de\/wp-content\/gallery\/kuchen-torten-1\/thumbs\/thumbs_1-036.jpg\" width=\"160\" height=\"120\" \/>\n\t\t\t\t\t\t\t<\/a>\n\t\t<\/div>\n\t<\/div>\n\t\n\t\t\n \t\t\n\t<div id=\"ngg-image-23\" class=\"ngg-gallery-thumbnail-box\"  >\n\t\t<div class=\"ngg-gallery-thumbnail\" >\n\t\t\t<a href=\"https:\/\/www.isarcafe-landau.de\/wp-content\/gallery\/kuchen-torten-1\/1.jpg\" title=\" \" class=\"highslide\" onclick=\"return hs.expand(this, { slideshowGroup: 'set_2' })\" >\n\t\t\t\t\t\t\t\t<img loading=\"lazy\" decoding=\"async\" title=\" \" alt=\" \" src=\"https:\/\/www.isarcafe-landau.de\/wp-content\/gallery\/kuchen-torten-1\/thumbs\/thumbs_1.jpg\" width=\"160\" height=\"120\" \/>\n\t\t\t\t\t\t\t<\/a>\n\t\t<\/div>\n\t<\/div>\n\t\n\t\t\n \t\t\n\t<div id=\"ngg-image-24\" class=\"ngg-gallery-thumbnail-box\"  >\n\t\t<div class=\"ngg-gallery-thumbnail\" >\n\t\t\t<a href=\"https:\/\/www.isarcafe-landau.de\/wp-content\/gallery\/kuchen-torten-1\/abschlusskonzert-007.jpg\" title=\" \" class=\"highslide\" onclick=\"return hs.expand(this, { slideshowGroup: 'set_2' })\" >\n\t\t\t\t\t\t\t\t<img loading=\"lazy\" decoding=\"async\" title=\" \" alt=\" \" src=\"https:\/\/www.isarcafe-landau.de\/wp-content\/gallery\/kuchen-torten-1\/thumbs\/thumbs_abschlusskonzert-007.jpg\" width=\"160\" height=\"120\" \/>\n\t\t\t\t\t\t\t<\/a>\n\t\t<\/div>\n\t<\/div>\n\t\n\t\t\n \t\t\n\t<div id=\"ngg-image-25\" class=\"ngg-gallery-thumbnail-box\"  >\n\t\t<div class=\"ngg-gallery-thumbnail\" >\n\t\t\t<a href=\"https:\/\/www.isarcafe-landau.de\/wp-content\/gallery\/kuchen-torten-1\/dsc_0053.jpg\" title=\" \" class=\"highslide\" onclick=\"return hs.expand(this, { slideshowGroup: 'set_2' })\" >\n\t\t\t\t\t\t\t\t<img loading=\"lazy\" decoding=\"async\" title=\" \" alt=\" \" src=\"https:\/\/www.isarcafe-landau.de\/wp-content\/gallery\/kuchen-torten-1\/thumbs\/thumbs_dsc_0053.jpg\" width=\"160\" height=\"120\" \/>\n\t\t\t\t\t\t\t<\/a>\n\t\t<\/div>\n\t<\/div>\n\t\n\t\t\n \t\t\n\t<div id=\"ngg-image-26\" class=\"ngg-gallery-thumbnail-box\"  >\n\t\t<div class=\"ngg-gallery-thumbnail\" >\n\t\t\t<a href=\"https:\/\/www.isarcafe-landau.de\/wp-content\/gallery\/kuchen-torten-1\/dsc_0103.jpg\" title=\" \" class=\"highslide\" onclick=\"return hs.expand(this, { slideshowGroup: 'set_2' })\" >\n\t\t\t\t\t\t\t\t<img loading=\"lazy\" decoding=\"async\" title=\" \" alt=\" \" src=\"https:\/\/www.isarcafe-landau.de\/wp-content\/gallery\/kuchen-torten-1\/thumbs\/thumbs_dsc_0103.jpg\" width=\"160\" height=\"120\" \/>\n\t\t\t\t\t\t\t<\/a>\n\t\t<\/div>\n\t<\/div>\n\t\n\t\t\n \t\t\n\t<div id=\"ngg-image-27\" class=\"ngg-gallery-thumbnail-box\"  >\n\t\t<div class=\"ngg-gallery-thumbnail\" >\n\t\t\t<a href=\"https:\/\/www.isarcafe-landau.de\/wp-content\/gallery\/kuchen-torten-1\/geburtstag-von-sepp-und-alois-030.jpg\" title=\" \" class=\"highslide\" onclick=\"return hs.expand(this, { slideshowGroup: 'set_2' })\" >\n\t\t\t\t\t\t\t\t<img loading=\"lazy\" decoding=\"async\" title=\" \" alt=\" \" src=\"https:\/\/www.isarcafe-landau.de\/wp-content\/gallery\/kuchen-torten-1\/thumbs\/thumbs_geburtstag-von-sepp-und-alois-030.jpg\" width=\"160\" height=\"120\" \/>\n\t\t\t\t\t\t\t<\/a>\n\t\t<\/div>\n\t<\/div>\n\t\n\t\t\n \t \t\n\t<!-- Pagination -->\n \t<div class=\"ngg-clear\"><\/div> \t\n<\/div>\n\n\n<h4>An unserer Theke<\/h4>\n<p>Wir bieten eine gute Auswahl an Teigwaren an, die aus eigener Herstellung stammen. Sie k\u00f6nnen diese jederzeit sowohl im Caf\u00e9 als auch &#8222;zum Mitnehmen&#8220; genie\u00dfen.<\/p>\n<p>\n<div class=\"ngg-galleryoverview\" id=\"ngg-gallery-6-16\">\n\n\n\t\n\t<!-- Thumbnails -->\n\t\t\n\t<div id=\"ngg-image-17\" class=\"ngg-gallery-thumbnail-box\"  >\n\t\t<div class=\"ngg-gallery-thumbnail\" >\n\t\t\t<a href=\"https:\/\/www.isarcafe-landau.de\/wp-content\/gallery\/theke\/img_0206.jpg\" title=\" \" class=\"highslide\" onclick=\"return hs.expand(this, { slideshowGroup: 'set_6' })\" >\n\t\t\t\t\t\t\t\t<img decoding=\"async\" title=\"img_0206\" alt=\"img_0206\" src=\"https:\/\/www.isarcafe-landau.de\/wp-content\/gallery\/theke\/thumbs\/thumbs_img_0206.jpg\"  \/>\n\t\t\t\t\t\t\t<\/a>\n\t\t<\/div>\n\t<\/div>\n\t\n\t\t\n \t \t\n\t<!-- Pagination -->\n \t<div class=\"ngg-clear\"><\/div> \t\n<\/div>\n\n<br \/>\n<!--:--><\/p>\n","protected":false},"excerpt":{"rendered":"<p>Ein &#8220;Blick \u00fcber die Schulter&#8220; des B\u00e4ckermeister Josef Winzinger Das IsarCaf\u00e9 ist hierzulande bekannt f\u00fcr seine frischen Semmeln, Brezen und exzellente Kuchen und Torten. Fr\u00fcher war der B\u00e4ckermeister Josef Winzinger Mitarbeiter im Betrieb der Fam. Brenner. Im August 1993 \u00fcbernahm Herr Winzinger die Firma. Seither f\u00fchrt er den Betrieb in &#8220;althergebrachter Tradition&#8220;. So kann man [&hellip;]<\/p>\n","protected":false},"author":3,"featured_media":0,"parent":0,"menu_order":20,"comment_status":"closed","ping_status":"closed","template":"","meta":{"footnotes":""},"class_list":["post-16","page","type-page","status-publish","hentry"],"_links":{"self":[{"href":"https:\/\/www.isarcafe-landau.de\/index.php?rest_route=\/wp\/v2\/pages\/16","targetHints":{"allow":["GET"]}}],"collection":[{"href":"https:\/\/www.isarcafe-landau.de\/index.php?rest_route=\/wp\/v2\/pages"}],"about":[{"href":"https:\/\/www.isarcafe-landau.de\/index.php?rest_route=\/wp\/v2\/types\/page"}],"author":[{"embeddable":true,"href":"https:\/\/www.isarcafe-landau.de\/index.php?rest_route=\/wp\/v2\/users\/3"}],"replies":[{"embeddable":true,"href":"https:\/\/www.isarcafe-landau.de\/index.php?rest_route=%2Fwp%2Fv2%2Fcomments&post=16"}],"version-history":[{"count":19,"href":"https:\/\/www.isarcafe-landau.de\/index.php?rest_route=\/wp\/v2\/pages\/16\/revisions"}],"predecessor-version":[{"id":268,"href":"https:\/\/www.isarcafe-landau.de\/index.php?rest_route=\/wp\/v2\/pages\/16\/revisions\/268"}],"wp:attachment":[{"href":"https:\/\/www.isarcafe-landau.de\/index.php?rest_route=%2Fwp%2Fv2%2Fmedia&parent=16"}],"curies":[{"name":"wp","href":"https:\/\/api.w.org\/{rel}","templated":true}]}}