{"id":18,"date":"2011-09-02T21:11:45","date_gmt":"2011-09-02T21:11:45","guid":{"rendered":"https:\/\/www.isarcafe-landau.de\/?page_id=18"},"modified":"2022-06-22T12:36:47","modified_gmt":"2022-06-22T12:36:47","slug":"cafe","status":"publish","type":"page","link":"https:\/\/www.isarcafe-landau.de\/?page_id=18","title":{"rendered":"<!--:de-->Caf\u00e9<!--:-->"},"content":{"rendered":"<p><!--:de--><\/p>\n<h4>Einblicke ins IsarCaf\u00e9<\/h4>\n<p>Im Caf\u00e9, welches Raum f\u00fcr etwa 50 Personen bietet, verw\u00f6hnt Fam. Winzinger ihre G\u00e4ste mit erlesenen Kaffees,\u00a0 hausgemachten Kuchen, Torten, frischem Geb\u00e4ck und feinsten Eisspezialit\u00e4ten aus eigener Herstellung.<\/p>\n\n<div class=\"ngg-galleryoverview\" id=\"ngg-gallery-3-18\">\n\n\n\t\n\t<!-- Thumbnails -->\n\t\t\n\t<div id=\"ngg-image-8\" class=\"ngg-gallery-thumbnail-box\"  >\n\t\t<div class=\"ngg-gallery-thumbnail\" >\n\t\t\t<a href=\"https:\/\/www.isarcafe-landau.de\/wp-content\/gallery\/mahlzeiten\/nudeln.jpg\" title=\" \" class=\"highslide\" onclick=\"return hs.expand(this, { slideshowGroup: 'set_3' })\" >\n\t\t\t\t\t\t\t\t<img decoding=\"async\" title=\"nudeln\" alt=\"nudeln\" src=\"https:\/\/www.isarcafe-landau.de\/wp-content\/gallery\/mahlzeiten\/thumbs\/thumbs_nudeln.jpg\"  \/>\n\t\t\t\t\t\t\t<\/a>\n\t\t<\/div>\n\t<\/div>\n\t\n\t\t\n \t\t\n\t<div id=\"ngg-image-12\" class=\"ngg-gallery-thumbnail-box\"  >\n\t\t<div class=\"ngg-gallery-thumbnail\" >\n\t\t\t<a href=\"https:\/\/www.isarcafe-landau.de\/wp-content\/gallery\/mahlzeiten\/img_0147.jpg\" title=\" \" class=\"highslide\" onclick=\"return hs.expand(this, { slideshowGroup: 'set_3' })\" >\n\t\t\t\t\t\t\t\t<img loading=\"lazy\" decoding=\"async\" title=\" \" alt=\" \" src=\"https:\/\/www.isarcafe-landau.de\/wp-content\/gallery\/mahlzeiten\/thumbs\/thumbs_img_0147.jpg\" width=\"160\" height=\"120\" \/>\n\t\t\t\t\t\t\t<\/a>\n\t\t<\/div>\n\t<\/div>\n\t\n\t\t\n \t\t\n\t<div id=\"ngg-image-13\" class=\"ngg-gallery-thumbnail-box\"  >\n\t\t<div class=\"ngg-gallery-thumbnail\" >\n\t\t\t<a href=\"https:\/\/www.isarcafe-landau.de\/wp-content\/gallery\/mahlzeiten\/juli-05-007.jpg\" title=\" \" class=\"highslide\" onclick=\"return hs.expand(this, { slideshowGroup: 'set_3' })\" >\n\t\t\t\t\t\t\t\t<img loading=\"lazy\" decoding=\"async\" title=\" \" alt=\" \" src=\"https:\/\/www.isarcafe-landau.de\/wp-content\/gallery\/mahlzeiten\/thumbs\/thumbs_juli-05-007.jpg\" width=\"160\" height=\"120\" \/>\n\t\t\t\t\t\t\t<\/a>\n\t\t<\/div>\n\t<\/div>\n\t\n\t\t\n \t \t\n\t<!-- Pagination -->\n \t<div class=\"ngg-clear\"><\/div> \t\n<\/div>\n\n\n<p>Zur deftigen Mittagsmahlzeit gibt es Biere von Thurn und Taxis. F\u00fcr den kleinen Hunger gibt es ein reichhaltiges Angebot an frischem Imbiss und traditionellen Brotzeiten. Das Tagesangebot kann der Tageskarte oder der Anschlagtafel entnommen werden.<\/p>\n<p>Serviert wird sowohl drinnen als auch drau\u00dfen &#8211; und das zum gleichen Preis!<\/p>\n<p>Reichhaltige Fr\u00fchst\u00fccke gibt es t\u00e4glich.<\/p>\n\n<div class=\"ngg-galleryoverview\" id=\"ngg-gallery-1-18\">\n\n\n\t\n\t<!-- Thumbnails -->\n\t\t\n\t<div id=\"ngg-image-1\" class=\"ngg-gallery-thumbnail-box\"  >\n\t\t<div class=\"ngg-gallery-thumbnail\" >\n\t\t\t<a href=\"https:\/\/www.isarcafe-landau.de\/wp-content\/gallery\/cafe\/img_0137.jpg\" title=\" \" class=\"highslide\" onclick=\"return hs.expand(this, { slideshowGroup: 'set_1' })\" >\n\t\t\t\t\t\t\t\t<img decoding=\"async\" title=\"img_0137\" alt=\"img_0137\" src=\"https:\/\/www.isarcafe-landau.de\/wp-content\/gallery\/cafe\/thumbs\/thumbs_img_0137.jpg\"  \/>\n\t\t\t\t\t\t\t<\/a>\n\t\t<\/div>\n\t<\/div>\n\t\n\t\t\n \t\t\n\t<div id=\"ngg-image-3\" class=\"ngg-gallery-thumbnail-box\"  >\n\t\t<div class=\"ngg-gallery-thumbnail\" >\n\t\t\t<a href=\"https:\/\/www.isarcafe-landau.de\/wp-content\/gallery\/cafe\/img_0138.jpg\" title=\" \" class=\"highslide\" onclick=\"return hs.expand(this, { slideshowGroup: 'set_1' })\" >\n\t\t\t\t\t\t\t\t<img loading=\"lazy\" decoding=\"async\" title=\" \" alt=\" \" src=\"https:\/\/www.isarcafe-landau.de\/wp-content\/gallery\/cafe\/thumbs\/thumbs_img_0138.jpg\" width=\"160\" height=\"120\" \/>\n\t\t\t\t\t\t\t<\/a>\n\t\t<\/div>\n\t<\/div>\n\t\n\t\t\n \t\t\n\t<div id=\"ngg-image-4\" class=\"ngg-gallery-thumbnail-box\"  >\n\t\t<div class=\"ngg-gallery-thumbnail\" >\n\t\t\t<a href=\"https:\/\/www.isarcafe-landau.de\/wp-content\/gallery\/cafe\/img_0140.jpg\" title=\" \" class=\"highslide\" onclick=\"return hs.expand(this, { slideshowGroup: 'set_1' })\" >\n\t\t\t\t\t\t\t\t<img loading=\"lazy\" decoding=\"async\" title=\" \" alt=\" \" src=\"https:\/\/www.isarcafe-landau.de\/wp-content\/gallery\/cafe\/thumbs\/thumbs_img_0140.jpg\" width=\"160\" height=\"120\" \/>\n\t\t\t\t\t\t\t<\/a>\n\t\t<\/div>\n\t<\/div>\n\t\n\t\t\n \t \t\n\t<!-- Pagination -->\n \t<div class=\"ngg-clear\"><\/div> \t\n<\/div>\n\n\n<p>Freilich haben wir auch Platz f\u00fcr kleinere Feiern, sowie Kommunion, Firmung, Geburtstag oder andere, und unser Caf\u00e9 kann jederzeit auch auf Anfrage gebucht werden.<!--:--><\/p>\n","protected":false},"excerpt":{"rendered":"<p>Einblicke ins IsarCaf\u00e9 Im Caf\u00e9, welches Raum f\u00fcr etwa 50 Personen bietet, verw\u00f6hnt Fam. Winzinger ihre G\u00e4ste mit erlesenen Kaffees,\u00a0 hausgemachten Kuchen, Torten, frischem Geb\u00e4ck und feinsten Eisspezialit\u00e4ten aus eigener Herstellung. Zur deftigen Mittagsmahlzeit gibt es Biere von Thurn und Taxis. F\u00fcr den kleinen Hunger gibt es ein reichhaltiges Angebot an frischem Imbiss und traditionellen [&hellip;]<\/p>\n","protected":false},"author":3,"featured_media":0,"parent":0,"menu_order":30,"comment_status":"closed","ping_status":"closed","template":"","meta":{"footnotes":""},"class_list":["post-18","page","type-page","status-publish","hentry"],"_links":{"self":[{"href":"https:\/\/www.isarcafe-landau.de\/index.php?rest_route=\/wp\/v2\/pages\/18","targetHints":{"allow":["GET"]}}],"collection":[{"href":"https:\/\/www.isarcafe-landau.de\/index.php?rest_route=\/wp\/v2\/pages"}],"about":[{"href":"https:\/\/www.isarcafe-landau.de\/index.php?rest_route=\/wp\/v2\/types\/page"}],"author":[{"embeddable":true,"href":"https:\/\/www.isarcafe-landau.de\/index.php?rest_route=\/wp\/v2\/users\/3"}],"replies":[{"embeddable":true,"href":"https:\/\/www.isarcafe-landau.de\/index.php?rest_route=%2Fwp%2Fv2%2Fcomments&post=18"}],"version-history":[{"count":18,"href":"https:\/\/www.isarcafe-landau.de\/index.php?rest_route=\/wp\/v2\/pages\/18\/revisions"}],"predecessor-version":[{"id":270,"href":"https:\/\/www.isarcafe-landau.de\/index.php?rest_route=\/wp\/v2\/pages\/18\/revisions\/270"}],"wp:attachment":[{"href":"https:\/\/www.isarcafe-landau.de\/index.php?rest_route=%2Fwp%2Fv2%2Fmedia&parent=18"}],"curies":[{"name":"wp","href":"https:\/\/api.w.org\/{rel}","templated":true}]}}